 is the remainder when i is divided by 20?
18
Suppose -413 = -5*j - 2*z, 5*j - 5*z + 212 = 632. Let h(i) = -i**3 - 3*i**2 - 2*i - 3. What is the remainder when j is divided by h(-4)?
20
Suppose -85 - 235 = -5*l + m, 330 = 5*l + m. Suppose -4*c + g + 1 + 80 = 0, -5*c + 117 = 4*g. Let d = c - 4. What is the remainder when l is divided by d?
14
What is the remainder when 12/32 - 1588/(-32) is divided by 26?
24
Let i = 3 - -1. Suppose -4*p - 5*y = -p - 105, -4*y - 108 = -i*p. What is the remainder when p is divided by 11?
8
Suppose m - 15 = 10. Let x = 41 - m. Let r(u) = 10*u**2 + 2*u + 1. What is the remainder when x is divided by r(-1)?
7
Suppose 3*v = -15, -3*b + 4*v = -b - 24. Let i be 196/8 + b/(-4). Let g = i - 14. Calculate the remainder when g is divided by 4.
2
Let z be (-3)/(-3)*(-1 - -3). Suppose z*b - 3*t = 79, 0*t = -4*b + 2*t + 170. What is the remainder when b is divided by 23?
21
Let z(p) = -p**2 - 14*p + 7. Let g(c) = -5*c - 2. Calculate the remainder when g(-3) is divided by z(-14).
6
Let q(v) = -v - 7. What is the remainder when 9 is divided by q(-13)?
3
Suppose 2*v = -3*g + 83, 5*v - 4*g = -7*g + 203. Calculate the remainder when v is divided by 4*(-1 - -2) - (-12 - -2).
12
Let p(t) = -6*t + 23. What is the remainder when p(-10) is divided by 21?
20
Suppose 3*d - 7*d + 12 = 0. What is the remainder when 5 is divided by d?
2
Let s be (13 - 1)/((-6)/(-4)). Suppose -s*w + 99 = -5*w. Calculate the remainder when 130 is divided by w.
31
What is the remainder when (-40)/30 + (-85)/(-3) is divided by 10?
7
What is the remainder when (-2 - -1)*(1 + -29) is divided by 10?
8
Suppose 11 + 31 = 3*p. What is the remainder when 27 is divided by p?
13
Let s = -6 + 17. What is the remainder when 19 is divided by s?
8
Let r be (10/4)/((-3)/(-6)). Let x(n) be the first derivative of -n**3/3 + 3*n**2 + 5*n - 2. What is the remainder when x(r) is divided by 6?
4
Let y(x) = -x**2 - 5*x - 4. Let l be y(-4). Let k = 12 + l. What is the remainder when k is divided by 7?
5
Let k(a) = a + 9. Let c(j) = j**3 - 4*j**2 - j + 4. Let d be c(4). Calculate the remainder when 16 is divided by k(d).
7
Suppose 4*k - 3*k - 97 = 4*a, -k + 5*a + 100 = 0. What is the remainder when k is divided by 43?
42
Let j(b) = -3*b - 7. Let k be j(-6). Let f = -7 + k. Calculate the remainder when ((-7)/(-4) - -2)*f is divided by 8.
7
Suppose 0 = -8*c + 323 - 179. Let x = 12 + 59. Suppose -5*d + w = -255, 4*d + 2*w - 147 = x. What is the remainder when d is divided by c?
16
Let s = 22 + -12. Suppose -q + 111 = 4*g, -g + 0*q + 2*q + 39 = 0. Calculate the remainder when g is divided by s.
9
Let p = 98 + -90. What is the remainder when (14/3)/((-1)/(-3)) is divided by p?
6
Let s = -99 - -106. What is the remainder when 9 is divided by s?
2
Let t = 30 - 22. Calculate the remainder when 23 is divided by t.
7
Let p(k) = 12*k**3 + k**2 - 3*k + 4. What is the remainder when p(2) is divided by 20?
18
Let c = 4 + 1. Suppose -3*f - 6*t + 67 = -t, 11 = -f + c*t. What is the remainder when 25 is divided by f?
11
Calculate the remainder when 9 - -20 - 6/2 is divided by 9.
8
Suppose -c + 4*a + 10 = 7*a, c - 3*a + 2 = 0. Calculate the remainder when 13 is divided by c.
1
Suppose 0 = -0*h - 2*h + 68. Let b = h - 21. Calculate the remainder when b is divided by 5.
3
Let j(s) = -s**3 + 4*s**2 - 3*s. Let n be j(3). Suppose 2*m + 19 = 4*a - 7, 3*a - 2*m - 18 = n. Calculate the remainder when 14 is divided by a.
6
Suppose j = 3*j - 118. What is the remainder when j is divided by 6?
5
Let h(v) = -2*v**3 + v**2 + v. What is the remainder when 2 is divided by h(-1)?
0
Suppose -5*n - 3 = 7. Calculate the remainder when (n + 16/10)*-105 is divided by 11.
9
Suppose 2*z + 4*x = 70, -3*z = z + 2*x - 146. Let j = 6 + 13. Calculate the remainder when z is divided by j.
18
Let n(u) = 8*u + 9. Let b(z) be the second derivative of 7*z**4/4 + z**3/6 - 2*z. What is the remainder when n(6) is divided by b(-1)?
17
Let d(i) = -i**2 - 6*i + 6. Suppose 3*n + 30 = -3*j + 78, n = -3*j + 42. Let m = 8 - j. What is the remainder when d(m) is divided by 4?
3
Suppose 5*w = 3*w + 16. What is the remainder when w/6 - (-104)/3 is divided by 13?
10
Let l = 6 + 4. What is the remainder when l is divided by 7?
3
Suppose 0 = -2*c + 62 + 6. Let x = -192 - -211. Calculate the remainder when c is divided by x.
15
Let k = -126 + 176. Suppose 3*r = -4*w + 14 - 0, -3*r + k = -5*w. Calculate the remainder when r is divided by (-1)/4 - 26/(-8).
1
Let u = 35 + -19. Calculate the remainder when 29 is divided by u.
13
Let o = 3 - 2. Suppose s - m - 19 = m, 5*m + 70 = 4*s. Calculate the remainder when (-28)/(0 - o) + 0 is divided by s.
13
Let t = 36 - 16. Let a = -15 + t. Calculate the remainder when 19 is divided by a.
4
Let y(x) = 2*x - 6. Let h be y(4). Suppose s - 1 = h. Calculate the remainder when 63 is divided by 20/1 - (-5 + s).
19
Suppose 0 = -5*u + 2*u + 21. What is the remainder when 12 is divided by u?
5
Suppose 0 = 22*r - 19*r - 36. Calculate the remainder when r is divided by 7.
5
Let r(o) = -o**3 - 2*o**2 + 6*o + 4. Suppose -l - 1 = 3. Suppose -4*g = -z - 92, -4*g = g + 2*z - 102. Calculate the remainder when g is divided by r(l).
10
Let w(f) = -10*f - 3. What is the remainder when w(-3) is divided by 14?
13
Suppose -12 = g - 5*g. Let n = -4 + g. Let k = n - -28. Calculate the remainder when k is divided by 7.
6
Let s(v) = -32*v**2. Let d(n) = 4*n**2. Let u(o) = 36*d(o) + 4*s(o). What is the remainder when 31 is divided by u(1)?
15
Let s = 19 - 11. Calculate the remainder when 29 is divided by s.
5
Suppose n - 1 = 8. Let t(m) be the first derivative of m**3/3 - 7*m**2/2 - 5*m - 5. Calculate the remainder when t(n) is divided by 5.
3
Suppose 8*s = -10 + 354. What is the remainder when s is divided by 22?
21
Calculate the remainder when 2/6*(50 - (1 - 5)) is divided by 11.
7
Let m(n) = -n**3 + 6*n**2 - 2*n - 7. What is the remainder when m(4) is divided by 4?
1
Let t(g) = -g**3 + g**2 + g + 3. Suppose 2*m = 10, -m = -4*r + 3*m - 8. Calculate the remainder when t(0) is divided by r.
0
Let w(u) = -u**3 + 0*u + 6*u**2 - u**3 - 4 + 3*u**3 - 2*u. Let m be w(-6). Suppose -m = -z - z. Calculate the remainder when 7 is divided by z.
3
Let p(i) = -3*i - 2. What is the remainder when 51 is divided by p(-5)?
12
Suppose 4*v = 4*l - 76, -2*l - 4*v + 30 = -2*v. Calculate the remainder when l is divided by (-4)/(-1) + (3 - 1).
5
Suppose -130 = -5*n - 5. Let b = -15 + n. What is the remainder when 28 is divided by b?
8
Let w be (-1 + 2)*(110 - 1). Let l = 16 - 11. Suppose -o - w = -6*o + a, 0 = 5*o - l*a - 105. Calculate the remainder when 42 is divided by o.
20
Let d = 9 - 9. Suppose d = k - 3*m - 45 - 12, 2*k - m - 109 = 0. What is the remainder when k is divided by 11?
10
Let p = 42 - 22. Suppose -73 = -2*i + 3. What is the remainder when i is divided by p?
18
Suppose -104 = -4*d + 8*g - 4*g, 0 = d - 2*g - 25. What is the remainder when 52 is divided by d?
25
Suppose -19*h = -24*h + 365. Calculate the remainder when h is divided by 19.
16
Let x(z) = -4*z + 2. Suppose 4*q - p - 14 = 10, 0 = 5*q + 4*p - 51. Calculate the remainder when x(-6) is divided by q.
5
Suppose -170 = -5*j - 0*j. What is the remainder when j is divided by 9?
7
Suppose 5*a - 101 = 269. Calculate the remainder when a is divided by 38.
36
Let x(r) = 2*r**2 + 4*r - 8. Suppose -5*v + 56 = -v. Calculate the remainder when x(-6) is divided by v.
12
Let a(z) = -25*z**3 - z**2 + z + 1. Calculate the remainder when 93 is divided by a(-1).
21
Suppose 0 = -o - 5*z + z + 62, 5*z = 4*o - 164. Suppose g = 3*g - o. Calculate the remainder when g is divided by (-2)/(5/20*-1).
7
Let v = -13 + 32. Suppose r - v + 1 = 0. What is the remainder when 34 is divided by r?
16
Let o be (-61)/2 + (-3)/(-6). Calculate the remainder when (-520)/o - (-1)/(-3) is divided by 9.
8
Suppose 5*r - z - 19 = 42, 5*z = -5. Suppose a = 2*s - 8, -4 = -2*s + s + 2*a. Suppose 4*b - 88 = -s. Calculate the remainder when b is divided by r.
9
Let z(o) = -14*o + 3. Let p be z(-3). Suppose -2*s + p = 5. Suppose -3*g - g + 28 = 0. Calculate the remainder when s is divided by g.
6
Let v(a) = 2*a + 5. Let w be v(-5). Let z = -3 - w. Suppose z*b + 32 = 80. Calculate the remainder when b is divided by 13.
11
Suppose 4*g =